{"id":269,"date":"2021-05-18T17:22:28","date_gmt":"2021-05-18T15:22:28","guid":{"rendered":"http:\/\/domaine-thivolle.com\/?page_id=269"},"modified":"2021-05-18T17:23:40","modified_gmt":"2021-05-18T15:23:40","slug":"winemaking","status":"publish","type":"page","link":"https:\/\/domaine-thivolle.com\/index.php\/en\/winemaking\/","title":{"rendered":"Winemaking"},"content":{"rendered":"\n<p>In accordance with our philosophy, the winemaking is made to preserve the maximum potential contained in the grapes at the time of harvest. The aim is to limit as much as possible any intervention and trituration of the harvest and the wine.<\/p>\n\n\n\n<div class=\"wp-block-media-text alignwide is-stacked-on-mobile\"><figure class=\"wp-block-media-text__media\"><img loading=\"lazy\" width=\"1024\" height=\"613\" src=\"http:\/\/domaine-thivolle.com\/wp-content\/uploads\/2021\/05\/cropped-2020-07-06-LD8_1687-photographe-reportage-lyon-laurie-diaz-www.studiomachine.fr_-1024x613.jpg\" alt=\"\" class=\"wp-image-151 size-full\" srcset=\"https:\/\/domaine-thivolle.com\/wp-content\/uploads\/2021\/05\/cropped-2020-07-06-LD8_1687-photographe-reportage-lyon-laurie-diaz-www.studiomachine.fr_-1024x613.jpg 1024w, https:\/\/domaine-thivolle.com\/wp-content\/uploads\/2021\/05\/cropped-2020-07-06-LD8_1687-photographe-reportage-lyon-laurie-diaz-www.studiomachine.fr_-300x180.jpg 300w, https:\/\/domaine-thivolle.com\/wp-content\/uploads\/2021\/05\/cropped-2020-07-06-LD8_1687-photographe-reportage-lyon-laurie-diaz-www.studiomachine.fr_-768x460.jpg 768w, https:\/\/domaine-thivolle.com\/wp-content\/uploads\/2021\/05\/cropped-2020-07-06-LD8_1687-photographe-reportage-lyon-laurie-diaz-www.studiomachine.fr_.jpg 2000w\" sizes=\"(max-width: 706px) 89vw, (max-width: 767px) 82vw, 740px\" \/><\/figure><div class=\"wp-block-media-text__content\">\n<p class=\"has-normal-font-size\">The vinification is made in the<strong> Beaujolais tradition<\/strong>, in semi-carbonic maceration (or Beaujolais maceration). The whole harvest is transferred by gravity into an open concrete vat, previously inerted with carbon dioxide, where the bottom of the vat is waiting for it to allow a quick start of the fermentation. The pumping over and punching of the cap are controlled throughout the alcoholic fermentation by tasting, until the pressing, after 7 to 15 days of maceration. During this fermentation, the temperature is maintained below the target temperature of each cuv\u00e9e.<\/p>\n<\/div><\/div>\n\n\n\n<div class=\"wp-block-media-text alignwide has-media-on-the-right is-stacked-on-mobile\" style=\"grid-template-columns:auto 36%\"><figure class=\"wp-block-media-text__media\"><img loading=\"lazy\" width=\"1024\" height=\"1011\" src=\"http:\/\/domaine-thivolle.com\/wp-content\/uploads\/2019\/11\/IMG_20191003_102255-e1573333211986-1024x1011.jpg\" alt=\"\" class=\"wp-image-79 size-full\" srcset=\"https:\/\/domaine-thivolle.com\/wp-content\/uploads\/2019\/11\/IMG_20191003_102255-e1573333211986-1024x1011.jpg 1024w, https:\/\/domaine-thivolle.com\/wp-content\/uploads\/2019\/11\/IMG_20191003_102255-e1573333211986-300x296.jpg 300w, https:\/\/domaine-thivolle.com\/wp-content\/uploads\/2019\/11\/IMG_20191003_102255-e1573333211986-768x759.jpg 768w, https:\/\/domaine-thivolle.com\/wp-content\/uploads\/2019\/11\/IMG_20191003_102255-e1573333211986-100x100.jpg 100w, https:\/\/domaine-thivolle.com\/wp-content\/uploads\/2019\/11\/IMG_20191003_102255-e1573333211986.jpg 2023w\" sizes=\"(max-width: 706px) 89vw, (max-width: 767px) 82vw, 740px\" \/><\/figure><div class=\"wp-block-media-text__content\">\n<p class=\"has-normal-font-size\">The pressing is done gently thanks to a <strong>pneumatic press<\/strong>, filled with the help of a belt to preserve the integrity of the harvest as long as possible. This method of pressing allows an optimal extraction of the fruity aromas and a minimal presence of lees for the end of the wine making process.<\/p>\n<\/div><\/div>\n\n\n\n<p><\/p>\n\n\n\n<div class=\"wp-block-media-text alignwide is-stacked-on-mobile\" style=\"grid-template-columns:33% auto\"><figure class=\"wp-block-media-text__media\"><img loading=\"lazy\" width=\"1024\" height=\"927\" src=\"http:\/\/domaine-thivolle.com\/wp-content\/uploads\/2019\/11\/IMG_20191008_112415-e1573333752329-1024x927.jpg\" alt=\"\" class=\"wp-image-83 size-full\" srcset=\"https:\/\/domaine-thivolle.com\/wp-content\/uploads\/2019\/11\/IMG_20191008_112415-e1573333752329-1024x927.jpg 1024w, https:\/\/domaine-thivolle.com\/wp-content\/uploads\/2019\/11\/IMG_20191008_112415-e1573333752329-300x271.jpg 300w, https:\/\/domaine-thivolle.com\/wp-content\/uploads\/2019\/11\/IMG_20191008_112415-e1573333752329-768x695.jpg 768w\" sizes=\"(max-width: 706px) 89vw, (max-width: 767px) 82vw, 740px\" \/><\/figure><div class=\"wp-block-media-text__content\">\n<p class=\"has-normal-font-size\">Once the fermentation is over, the maturing process takes over with a deliberate desire to diversify the containers, using <strong>amphorae<\/strong>, old oak barrels, concrete vats and stainless steel tanks, always with the same objective of <strong>preserving the aromatic richness<\/strong> of our Gamay grapes on granite while limiting inputs as much as possible.<\/p>\n<\/div><\/div>\n\n\n\n<p>The cuvage is the Beaujolais name for the cellar or the winery. It is in our cuvage that the grapes are transformed into wine.<\/p>\n\n\n\n<p>For this transformation, we have the following equipment of cuvaison:<\/p>\n\n\n\n<ul><li>11 concrete vats of 54 HL, used for vinification and maturation<\/li><li>3 epoxy concrete vats of 44 HL, used exclusively for maturing<\/li><li>4 fiberglass vats with floating caps for buffer storage.<\/li><\/ul>\n\n\n\n<p>The vinification is done done in the old Beaujolais tradition, by <strong>semi-carbonic maceration<\/strong>, also known as &#8220;Beaujolais vinification&#8221;.<\/p>\n\n\n\n<p>Specifically dedicated to the maturation, we also have<\/p>\n\n\n\n<ul><li>5 old oak barrels, from the C\u00f4te R\u00f4tie, for the ageing and oxygenation of our Morgon cuv\u00e9e from the Charmes parcel<\/li><li>2 amphoras of 600 L for the maturation of a specific Chiroubles cuv\u00e9e, allowing a controlled oxygenation to reinforce the fruity side and the natural minerality of Chiroubles<\/li><\/ul>\n","protected":false},"excerpt":{"rendered":"<p>In accordance with our philosophy, the winemaking is made to preserve the maximum potential contained in the grapes at the time of harvest. The aim is to limit as much as possible any intervention and trituration of the harvest and the wine. The vinification is made in the Beaujolais tradition, in semi-carbonic maceration (or Beaujolais &hellip; <\/p>\n<p class=\"link-more\"><a href=\"https:\/\/domaine-thivolle.com\/index.php\/en\/winemaking\/\" class=\"more-link\">Continue reading<span class=\"screen-reader-text\"> &#8220;Winemaking&#8221;<\/span><\/a><\/p>\n","protected":false},"author":1,"featured_media":0,"parent":0,"menu_order":0,"comment_status":"closed","ping_status":"closed","template":"","meta":[],"_links":{"self":[{"href":"https:\/\/domaine-thivolle.com\/index.php\/wp-json\/wp\/v2\/pages\/269"}],"collection":[{"href":"https:\/\/domaine-thivolle.com\/index.php\/wp-json\/wp\/v2\/pages"}],"about":[{"href":"https:\/\/domaine-thivolle.com\/index.php\/wp-json\/wp\/v2\/types\/page"}],"author":[{"embeddable":true,"href":"https:\/\/domaine-thivolle.com\/index.php\/wp-json\/wp\/v2\/users\/1"}],"replies":[{"embeddable":true,"href":"https:\/\/domaine-thivolle.com\/index.php\/wp-json\/wp\/v2\/comments?post=269"}],"version-history":[{"count":2,"href":"https:\/\/domaine-thivolle.com\/index.php\/wp-json\/wp\/v2\/pages\/269\/revisions"}],"predecessor-version":[{"id":272,"href":"https:\/\/domaine-thivolle.com\/index.php\/wp-json\/wp\/v2\/pages\/269\/revisions\/272"}],"wp:attachment":[{"href":"https:\/\/domaine-thivolle.com\/index.php\/wp-json\/wp\/v2\/media?parent=269"}],"curies":[{"name":"wp","href":"https:\/\/api.w.org\/{rel}","templated":true}]}}